{"id":61,"date":"2020-03-20T11:36:52","date_gmt":"2020-03-20T10:36:52","guid":{"rendered":"http:\/\/www.domoconzept-facility.de\/?page_id=61"},"modified":"2020-03-20T11:36:52","modified_gmt":"2020-03-20T10:36:52","slug":"willkommen","status":"publish","type":"page","link":"https:\/\/www.domoconzept-facility.de\/","title":{"rendered":"Willkommen"},"content":{"rendered":"\n<p>Willkommen auf der Website der Domoconzept FACILITY und INNENAUSBAU GmbH. Wir freuen uns \u00fcber Ihren Besuch und hoffen, Ihr Interesse an unserem breit gef\u00e4cherten Dienstleistungen wecken zu k\u00f6nnen.&nbsp;<\/p>\n\n\n\n<p>Rund um eine Immobilie gibt es einiges zu erledigen. Da spielt es keine Rolle ob die Immobilie ein Neubau, oder ein \u00e4lteres Objekt ist. Damit die Immobilie in einem guten Zustand bleibt, gibt es rund um das Objekt einiges zu erledigen. Ein guter Zustand ist essentiell um mit der Immobilie gl\u00fccklich zu werden.<\/p>\n\n\n\n<p>Genau dies haben wir in das Herz unseres Unternehmens geschlossen.&nbsp;<\/p>\n\n\n\n<p>Auch unser Mutterunternehmen, Domoconzept Immobilien und Verwaltung GmbH &amp; Co.KG, hat diese Kerneigenschaft verinnerlicht. Zusammen steht unser Fokus auf dem Erhalt und Ausbau der Immobilie.&nbsp;<\/p>\n\n\n\n<p>Im Vordergrund steht bei uns die individuelle Betreuung, um Ihrer Immobilien den besten Glanz zu verschaffen. Egal ob Sie einen Innenausbau, eine Neuverfliesung oder die Pflege der Immobilie in Auftrag geben m\u00f6chten, wir ber\u00fccksichtigen Ihre pers\u00f6nlichen W\u00fcnsche und erstellen ein Angebot, passend zu Ihrer Immobilie und Ihrem Bed\u00fcrfnis. Unser qualifiziertes Team bietet Ihnen ein hohes Ma\u00df an Zuverl\u00e4ssigkeit, um Ihre Immobilie zu erhalten.&nbsp;<\/p>\n\n\n\n<p>Schauen Sie gerne in der Rubrik \u201eLeistungen\u201c vorbei um detaillierte Informationen \u00fcber unsere verschiedenen Serviceangebote zu erhalten oder setzen Sie sich gerne mit uns pers\u00f6nlich in Verbindung.&nbsp;<\/p>\n\n\n\n<p><\/p>\n","protected":false},"excerpt":{"rendered":"<p>Willkommen auf der Website der Domoconzept FACILITY und INNENAUSBAU GmbH. Wir freuen uns \u00fcber Ihren Besuch und hoffen, Ihr Interesse an unserem breit gef\u00e4cherten Dienstleistungen wecken zu k\u00f6nnen.&nbsp; Rund um &#8230;<\/p>\n","protected":false},"author":1,"featured_media":0,"parent":0,"menu_order":0,"comment_status":"closed","ping_status":"closed","template":"","meta":[],"_links":{"self":[{"href":"https:\/\/www.domoconzept-facility.de\/index.php?rest_route=\/wp\/v2\/pages\/61"}],"collection":[{"href":"https:\/\/www.domoconzept-facility.de\/index.php?rest_route=\/wp\/v2\/pages"}],"about":[{"href":"https:\/\/www.domoconzept-facility.de\/index.php?rest_route=\/wp\/v2\/types\/page"}],"author":[{"embeddable":true,"href":"https:\/\/www.domoconzept-facility.de\/index.php?rest_route=\/wp\/v2\/users\/1"}],"replies":[{"embeddable":true,"href":"https:\/\/www.domoconzept-facility.de\/index.php?rest_route=%2Fwp%2Fv2%2Fcomments&post=61"}],"version-history":[{"count":2,"href":"https:\/\/www.domoconzept-facility.de\/index.php?rest_route=\/wp\/v2\/pages\/61\/revisions"}],"predecessor-version":[{"id":113,"href":"https:\/\/www.domoconzept-facility.de\/index.php?rest_route=\/wp\/v2\/pages\/61\/revisions\/113"}],"wp:attachment":[{"href":"https:\/\/www.domoconzept-facility.de\/index.php?rest_route=%2Fwp%2Fv2%2Fmedia&parent=61"}],"curies":[{"name":"wp","href":"https:\/\/api.w.org\/{rel}","templated":true}]}}